{"id":1430,"date":"2026-03-10T17:17:03","date_gmt":"2026-03-10T16:17:03","guid":{"rendered":"https:\/\/www.potipotin.fr\/?post_type=product&#038;p=1430"},"modified":"2026-03-19T15:52:09","modified_gmt":"2026-03-19T14:52:09","slug":"fiche-durgence-serenite","status":"publish","type":"product","link":"https:\/\/www.potipotin.fr\/index.php\/produit\/fiche-durgence-serenite\/","title":{"rendered":"Fiche d&rsquo;Urgence \u00ab\u00a0S\u00e9r\u00e9nit\u00e9\u00a0\u00bb"},"content":{"rendered":"<h2 data-path-to-node=\"3\"><b data-path-to-node=\"3\" data-index-in-node=\"0\">Fiche d&rsquo;Urgence \u00ab\u00a0S\u00e9r\u00e9nit\u00e9\u00a0\u00bb\u00a0<\/b><\/h2>\n<p data-path-to-node=\"4\">Offrez \u00e0 votre enfant une s\u00e9curit\u00e9 suppl\u00e9mentaire avec cette fiche d\u2019informations vitales, con\u00e7ue pour regrouper l\u2019essentiel en un coup d\u2019\u0153il. Bien plus qu&rsquo;un simple document, c&rsquo;est un outil indispensable \u00e0 placer dans la voiture proche du si\u00e8ge auto, pour l&rsquo;\u00e9cole, les sorties ou la garde, alliant la <b data-path-to-node=\"4\" data-index-in-node=\"255\">clart\u00e9 du design Potipotin<\/b> et la <b data-path-to-node=\"4\" data-index-in-node=\"288\">praticit\u00e9 au quotidien<\/b>.<\/p>\n<p data-path-to-node=\"5\">Chaque fiche est pens\u00e9e pour \u00eatre lisible instantan\u00e9ment par les secours, les enseignants ou les accompagnateurs.<\/p>\n<h3 data-path-to-node=\"8\"><b data-path-to-node=\"8\" data-index-in-node=\"0\">Choisissez votre format :<\/b><\/h3>\n<ul data-path-to-node=\"9\">\n<li>\n<p data-path-to-node=\"9,0,0\"><b data-path-to-node=\"9,0,0\" data-index-in-node=\"0\">Format PDF (Num\u00e9rique, offerte) :<\/b> Recevez votre fichier personnalis\u00e9 par e-mail sous 48h. Id\u00e9al pour l&rsquo;imprimer vous-m\u00eame autant de fois que n\u00e9cessaire.<\/p>\n<\/li>\n<li>\n<p data-path-to-node=\"9,1,0\"><b data-path-to-node=\"9,1,0\" data-index-in-node=\"0\">Fiche \u00ab\u00a0Pr\u00eate \u00e0 l&rsquo;Emploi\u00a0\u00bb (Imprim\u00e9e &amp; Plastifi\u00e9e) :<\/b> Nous r\u00e9alisons l&rsquo;impression haute d\u00e9finition et la plastification 300g pour vous. Re\u00e7ue directement chez vous, pr\u00eate \u00e0 \u00eatre utilis\u00e9e, il faudra \u00e9crire au stylo effa\u00e7able.<\/p>\n<\/li>\n<\/ul>\n<p data-path-to-node=\"10\"><b data-path-to-node=\"10\" data-index-in-node=\"0\">Couleurs disponibles :<\/b> beige, Bleu, Rose ou Vert.<\/p>\n","protected":false},"excerpt":{"rendered":"<p>Fiche d&rsquo;Urgence \u00ab\u00a0S\u00e9r\u00e9nit\u00e9\u00a0\u00bb\u00a0 Offrez \u00e0 votre enfant une s\u00e9curit\u00e9 suppl\u00e9mentaire avec cette fiche d\u2019informations vitales, con\u00e7ue pour regrouper l\u2019essentiel en un coup d\u2019\u0153il. Bien plus qu&rsquo;un simple document, c&rsquo;est un outil indispensable \u00e0 placer dans la voiture proche du si\u00e8ge auto, pour l&rsquo;\u00e9cole, les sorties ou la garde, alliant la clart\u00e9 du design Potipotin et [&hellip;]<\/p>\n","protected":false},"featured_media":1590,"comment_status":"open","ping_status":"closed","template":"","meta":{"ocean_post_layout":"","ocean_both_sidebars_style":"","ocean_both_sidebars_content_width":0,"ocean_both_sidebars_sidebars_width":0,"ocean_sidebar":"0","ocean_second_sidebar":"0","ocean_disable_margins":"enable","ocean_add_body_class":"","ocean_shortcode_before_top_bar":"","ocean_shortcode_after_top_bar":"","ocean_shortcode_before_header":"","ocean_shortcode_after_header":"","ocean_has_shortcode":"","ocean_shortcode_after_title":"","ocean_shortcode_before_footer_widgets":"","ocean_shortcode_after_footer_widgets":"","ocean_shortcode_before_footer_bottom":"","ocean_shortcode_after_footer_bottom":"","ocean_display_top_bar":"default","ocean_display_header":"default","ocean_header_style":"","ocean_center_header_left_menu":"0","ocean_custom_header_template":"0","ocean_custom_logo":0,"ocean_custom_retina_logo":0,"ocean_custom_logo_max_width":0,"ocean_custom_logo_tablet_max_width":0,"ocean_custom_logo_mobile_max_width":0,"ocean_custom_logo_max_height":0,"ocean_custom_logo_tablet_max_height":0,"ocean_custom_logo_mobile_max_height":0,"ocean_header_custom_menu":"0","ocean_menu_typo_font_family":"0","ocean_menu_typo_font_subset":"","ocean_menu_typo_font_size":0,"ocean_menu_typo_font_size_tablet":0,"ocean_menu_typo_font_size_mobile":0,"ocean_menu_typo_font_size_unit":"px","ocean_menu_typo_font_weight":"","ocean_menu_typo_font_weight_tablet":"","ocean_menu_typo_font_weight_mobile":"","ocean_menu_typo_transform":"","ocean_menu_typo_transform_tablet":"","ocean_menu_typo_transform_mobile":"","ocean_menu_typo_line_height":0,"ocean_menu_typo_line_height_tablet":0,"ocean_menu_typo_line_height_mobile":0,"ocean_menu_typo_line_height_unit":"","ocean_menu_typo_spacing":0,"ocean_menu_typo_spacing_tablet":0,"ocean_menu_typo_spacing_mobile":0,"ocean_menu_typo_spacing_unit":"","ocean_menu_link_color":"","ocean_menu_link_color_hover":"","ocean_menu_link_color_active":"","ocean_menu_link_background":"","ocean_menu_link_hover_background":"","ocean_menu_link_active_background":"","ocean_menu_social_links_bg":"","ocean_menu_social_hover_links_bg":"","ocean_menu_social_links_color":"","ocean_menu_social_hover_links_color":"","ocean_disable_title":"default","ocean_disable_heading":"default","ocean_post_title":"","ocean_post_subheading":"","ocean_post_title_style":"","ocean_post_title_background_color":"","ocean_post_title_background":0,"ocean_post_title_bg_image_position":"","ocean_post_title_bg_image_attachment":"","ocean_post_title_bg_image_repeat":"","ocean_post_title_bg_image_size":"","ocean_post_title_height":0,"ocean_post_title_bg_overlay":0.5,"ocean_post_title_bg_overlay_color":"","ocean_disable_breadcrumbs":"default","ocean_breadcrumbs_color":"","ocean_breadcrumbs_separator_color":"","ocean_breadcrumbs_links_color":"","ocean_breadcrumbs_links_hover_color":"","ocean_display_footer_widgets":"default","ocean_display_footer_bottom":"default","ocean_custom_footer_template":"0","omw_enable_modal_window":"enable"},"product_brand":[],"product_cat":[58,42],"product_tag":[],"class_list":{"0":"post-1430","1":"product","2":"type-product","3":"status-publish","4":"has-post-thumbnail","6":"product_cat-fichier-gratuit","7":"product_cat-papeterie","9":"entry","10":"has-media","12":"first","13":"instock","14":"shipping-taxable","15":"purchasable","16":"product-type-variable","17":"has-product-nav","18":"col","19":"span_1_of_3","20":"owp-content-center","21":"owp-thumbs-layout-horizontal","22":"owp-btn-normal","23":"owp-tabs-layout-horizontal"},"_links":{"self":[{"href":"https:\/\/www.potipotin.fr\/index.php\/wp-json\/wp\/v2\/product\/1430","targetHints":{"allow":["GET"]}}],"collection":[{"href":"https:\/\/www.potipotin.fr\/index.php\/wp-json\/wp\/v2\/product"}],"about":[{"href":"https:\/\/www.potipotin.fr\/index.php\/wp-json\/wp\/v2\/types\/product"}],"replies":[{"embeddable":true,"href":"https:\/\/www.potipotin.fr\/index.php\/wp-json\/wp\/v2\/comments?post=1430"}],"wp:featuredmedia":[{"embeddable":true,"href":"https:\/\/www.potipotin.fr\/index.php\/wp-json\/wp\/v2\/media\/1590"}],"wp:attachment":[{"href":"https:\/\/www.potipotin.fr\/index.php\/wp-json\/wp\/v2\/media?parent=1430"}],"wp:term":[{"taxonomy":"product_brand","embeddable":true,"href":"https:\/\/www.potipotin.fr\/index.php\/wp-json\/wp\/v2\/product_brand?post=1430"},{"taxonomy":"product_cat","embeddable":true,"href":"https:\/\/www.potipotin.fr\/index.php\/wp-json\/wp\/v2\/product_cat?post=1430"},{"taxonomy":"product_tag","embeddable":true,"href":"https:\/\/www.potipotin.fr\/index.php\/wp-json\/wp\/v2\/product_tag?post=1430"}],"curies":[{"name":"wp","href":"https:\/\/api.w.org\/{rel}","templated":true}]}}